mmon factor of l and g.
13
Let x be 1/(0 + -1)*27/(-1). Calculate the greatest common factor of x and 72.
9
Let i be (40/(-6))/(3/(-9)). Let u = 1 + 0. Let a be u/2*(17 - 1). What is the highest common divisor of i and a?
4
Let g(i) = -2*i - 19. Let t be g(-12). Let b(u) = u**3 - 2*u**2 + 2*u. Let w be b(4). What is the highest common factor of t and w?
5
Let j = -25 - -53. Suppose -4*m = -0*m - j. Suppose 2*x - 239 = -2*x - 3*r, -r = 4*x - 229. Calculate the greatest common divisor of x and m.
7
Suppose 0 = -t - k + 40, 0 = 3*k + k + 20. Calculate the greatest common divisor of t and 30.
15
Suppose -4*o + 8 + 24 = 0. What is the greatest common divisor of o and 4?
4
Suppose 7*j + 195 = 20*j. Calculate the greatest common divisor of 60 and j.
15
Suppose -117 = -2*j - 15. What is the highest common factor of j and 51?
51
Suppose -5*u + z + 583 = 0, -2*u + 5*z = -134 - 90. Calculate the greatest common divisor of u and 9.
9
Suppose 864 = -7*q + 16*q. What is the greatest common factor of q and 32?
32
Let j = 311 + -111. What is the greatest common divisor of j and 20?
20
Suppose 3*m = 1 - 7, 4*n = -5*m + 182. Calculate the greatest common divisor of n and 6.
6
Let w(k) = -k**2 - 7*k - 2. Let s be w(-7). Let z be (0 - -1)*(-2 - 2). Let y be (s - 0)/(z/36). What is the highest common divisor of 2 and y?
2
Let n be 2 + -1 + 2 + 6. Let f = n + -4. Let c = 26 - -9. Calculate the highest common factor of f and c.
5
Suppose 3*n - n = 5*f + 25, 4*f - 13 = -5*n. Suppose -l - 5*q = 10, -11 = -4*l + q + 12. Calculate the greatest common divisor of n and l.
5
Let m(k) = k**3 - 7*k**2 + 7*k - 4. Let c be m(6). Suppose -c*t = t - 63. What is the greatest common divisor of t and 84?
21
Suppose 0*w + 42 = 3*w. Suppose 380 + 250 = 15*y. What is the highest common divisor of w and y?
14
Let y = -142 - -237. What is the greatest common factor of y and 5?
5
Suppose 5*u + 2*q + 118 = q, -2*u - 4*q - 58 = 0. Let p = -5 - u. Let d be (p/8)/(3/8). What is the greatest common divisor of d and 6?
6
Let m = -8 + 17. Let t = m - 4. What is the highest common divisor of 25 and t?
5
Suppose 7*b - 45 = 2*b. Let w = b + 5. Calculate the greatest common factor of 154 and w.
14
Suppose 5*h - 4*g - 232 = 0, -4*h = -7*h - 5*g + 154. Calculate the highest common factor of 6 and h.
6
Let o = 8 + -2. Suppose 3*y = 2*j - 16, 12 + o = 3*j - 3*y. Suppose j*t + 62 = 3*l + t, 81 = 4*l - t. Calculate the highest common factor of 57 and l.
19
Let k(a) = -a + 9. Let r be k(-5). Calculate the greatest common factor of 126 and r.
14
Let a be 29 + -1 + 1 + 1. Suppose 3*g = -3*n + 108, -2*n + 2*g - 3*g + 74 = 0. Let u = -26 + n. What is the highest common divisor of u and a?
6
Let f(x) = -x**3 - 19*x**2 - 18*x + 2. Let q be f(-18). What is the greatest common factor of q and 2?
2
Let g be (-2)/6*6*-5. Let x(o) = 2*o - 4. Let s be x(g). Calculate the greatest common factor of 24 and s.
8
Let r be (-1 - -2)/((-2)/(-10)). Suppose r*u - 3*u - 6 = 0. Suppose 3 = u*a, o - 8 = -0*a + 4*a. Calculate the highest common divisor of 4 and o.
4
Let p = 4 - -2. Suppose r + 5*x - 70 = 0, -r - 2*x = -p*x - 106. What is the greatest common divisor of r and 10?
10
Suppose -3*j - 4*s = 0, 0 = -4*j - 5*s + 1 - 0. Suppose 4*t + 2 = 5*t. Calculate the greatest common divisor of t and j.
2
Let j be ((2 - -1)/9)/((-2)/(-30)). Calculate the highest common factor of j and 55.
5
Suppose -14*i + 18*i - 80 = 0. Calculate the highest common factor of 8 and i.
4
Let w be -15 - (1 + 0)*-3. Let s be w*(-3 - (-16)/6). Calculate the greatest common divisor of s and 20.
4
Let a be 28 - -10*6/(-15). What is the highest common factor of a and 12?
12
Suppose 22 - 98 = -2*n. What is the greatest common divisor of n and 38?
38
Let d = -17 + 25. Let z be (18/d)/(6/80). Let u(x) = -10*x**3. Let n be u(-1). What is the greatest common divisor of z and n?
10
Let x be (-333)/(-6) + 4/8. Calculate the highest common factor of x and 8.
8
Let j(g) = -g**3 - 4*g**2 + 5*g + 2. Let r be j(-5). Calculate the highest common divisor of r and 3.
1
Let s be (-2)/(1*(-2)/153). Let t(m) = -m + 17. Let b be t(0). Calculate the greatest common factor of b and s.
17
Let g = -6 - -15. Let s(w) = -w**3 - 6*w**2 + 14. Let k be s(-7). Calculate the greatest common factor of k and g.
9
Let l(p) = -3 - 2 + 2 - p - 1. Suppose -25 + 7 = 3*o. Let t be l(o). Calculate the greatest common divisor of 5 and t.
1
Suppose 4*d + d = o - 33, -4*o - 4*d = -12. Calculate the greatest common factor of o and 24.
8
Suppose -2*n + 2*b = n - 446, 3*n - 448 = 4*b. Let x = n + -103. Calculate the greatest common factor of 5 and x.
5
Let y be (36/15)/6*5. Calculate the greatest common divisor of y and 2.
2
Let k be (80/28)/(4/70). Suppose 0*t + 5*f - k = -t, 3*t - 2*f - 218 = 0. What is the greatest common factor of t and 10?
10
Suppose -5*g + r = -170, 0 = -2*g + g - 5*r + 8. What is the highest common factor of g and 3?
3
Let l be (-3)/(-2)*(1 - -1). Let p be l/(7/(-10) - -1). Suppose -g + 3*j = -71, -4*g + 62 + 255 = -j. What is the highest common factor of g and p?
10
Suppose -12 = -4*j + 16. Suppose u = 2*u - 56. What is the highest common divisor of j and u?
7
Let b = -2 + 30. Calculate the highest common divisor of 70 and b.
14
Let c(s) = s**2 + 4*s - 5. Let g be c(-6). Calculate the highest common factor of 14 and g.
7
Suppose -1155 = -4*q + q. Calculate the greatest common divisor of q and 35.
35
Suppose -3*f - 6 = -5*f. Suppose f*q - 1 = -y + 9, 5*q + 150 = 5*y. Calculate the greatest common factor of y and 5.
5
Let d(w) = 8*w**2 - 5*w + 2. Let q be d(4). Calculate the greatest common factor of q and 22.
22
Let k be -259 - (-2 - -3 - 0). Let u = -150 - k. Calculate the greatest common factor of 10 and u.
10
Let k(u) = 274*u**2 + u. Let s be k(1). Calculate the greatest common divisor of s and 25.
25
Let a(w) = w**2 + 4*w + 2. Let x be a(-6). Suppose 0*d + 2*d - p = -3, 4*d + 2*p = x. Let b be d + -6*(-2 - -1). What is the highest common divisor of 1 and b?
1
Suppose 0 = -x + 4 - 2. Suppose j - 4 = -3*r, -31 = -2*j - x*j + 3*r. What is the greatest common divisor of j and 35?
7
Suppose -8*x + 294 = -x. Calculate the greatest common factor of 7 and x.
7
Suppose 0 = 25*u - 22*u - 42. What is the greatest common factor of u and 14?
14
Suppose 231 = -39*k + 40*k. What is the highest common factor of k and 33?
33
Suppose -s - 5*x = -16, -3*s = 4*x - 0*x - 37. Let j = 15 - s. Calculate the highest common factor of j and 12.
4
Suppose 5*m - 15 = 1385. Suppose 0 = 2*p - 7*p + m. What is the highest common divisor of p and 8?
8
Suppose 0 = 3*k - 240 - 21. Suppose -165 = -3*y + k. Calculate the greatest common factor of 12 and y.
12
Suppose -4*w = -6*w - 6. Let j be -4 - (w - 173 - -1). Suppose 4*b + 76 = 8*b. What is the highest common factor of j and b?
19
Let f = 17 - -38. Calculate the highest common factor of 5 and f.
5
Let x(l) = l**2 - 6*l - 5. Let s be x(7). Calculate the greatest common divisor of 32 and s.
2
Suppose -3*h - 2*l = 5 - 35, -h + l + 10 = 0. Suppose 4*i + v = -3*v + 40, 5*v = -3*i + 30. What is the highest common factor of i and h?
10
Let c(k) be the second derivative of -3*k - 29/6*k**3 + 0 - 1/2*k**2. Let b be c(-1). What is the greatest common factor of b and 70?
14
Suppose k - 1 = -2. Let c be (5/10)/(k/(-2)). Let v(u) = -u**2 - 5*u + 4. Let o be v(-5). Calculate the greatest common divisor of o and c.
1
Suppose 3*x - 4*b + 4 = 0, 4*x - b = 2*x - 1. Let k be x - -57 - (1 + 0). Calculate the highest common factor of k and 8.
8
Let w = -14 - -25. Calculate the highest common divisor of 11 and w.
11
Let l be 16/(-9) - (-2)/(-9). Let t = l - -15. Suppose -4*c = 3*m - 17, -2*m + 2*c = -5*m + t. What is the highest common divisor of m and 6?
3
Let m(a) = -a + 9. Let x be m(4). Suppose 0*z = x*z - 40. What is the greatest common factor of 64 and z?
8
Let y(o) = o**2 - 6*o - 3. Let d be y(7). Suppose -2*n - 4*i = -6*n + 44, 2*n + d*i - 10 = 0. What is the highest common factor of n and 72?
9
Suppose 6*t - 9*t + 132 = 0. Let u = 31 + t. Calculate the greatest common factor of 25 and u.
25
Let s(z) = -z**3 + 5*z - 2. Let n be s(-5). Suppose -4*o - k = -58, -4*k + 17 = -3*o + 51. What is the highest common divisor of o and n?
14
Let c = 21 + 13. What is the greate